-4*x + 2*k = -18 - 18, -27 = -3*x - 5*k. What is the units digit of (x/2)/(24/48)?
9
Let v be 3/5 - (2 + 9/15). Let a be -1338*(-1)/(-2)*v. What is the units digit of (2/(-6))/(1 - a/1332)?
4
Suppose -225400 = -174*t - 280132 + 600744. What is the thousands digit of t?
3
Suppose -18 = -4*n + 58. What is the tens digit of -18 + n - (-349 + (1 - 3))?
5
Let z = 13150 - 7353. What is the thousands digit of z?
5
Suppose 3*a + 15 - 144 = 0. Suppose 0 = -2*o - 2*o + 340. Let c = o - a. What is the tens digit of c?
4
Let u(t) = -30*t - 538 + 345*t**2 + 36*t + 639 + 46*t. What is the thousands digit of u(-2)?
1
Let j = 3065 + -1345. What is the hundreds digit of (-18)/(-54) + j/6?
2
Suppose 747 = -2*y - 5*k, -2*k = -y - 7*k - 376. Let a = y + 702. What is the units digit of a?
1
Let a = 7882 + -3899. What is the hundreds digit of a?
9
Let y be ((-4 + 6)*-23)/(1 + 1). Let v(g) = g**3 + 23*g**2 + 19. Let n be v(y). Suppose 3*u + 0*u - 4*w - n = 0, 42 = 4*u + 3*w. What is the units digit of u?
9
Let h be 2/3 + (-2)/(-6). Suppose 5*z - 25 = 0, 2*z + 1 = 4*d - h. Suppose -y = -5*p - 0 - 60, 168 = d*y - 3*p. What is the units digit of y?
5
Let b(r) = 845*r + 3269. What is the tens digit of b(99)?
2
What is the tens digit of 162*((-106)/(-6) - 5)?
5
Let w be -3 - ((-3)/3 + -46). Let g = 44 - w. Suppose g*r = -r + 4*o + 75, -5*o = -r + 78. What is the tens digit of r?
6
Let v = -7553 - -7555. Let i(n) = n**2 - 1. Let o(d) = -17*d**3 + 4*d - 7. Let f(g) = 3*i(g) - o(g). What is the hundreds digit of f(v)?
1
Let o be (1 - -4)*744/10. Suppose o = 9*s - 3*s. Suppose 4*x + 5*k = -0*k + 261, -s = -x + 2*k. What is the tens digit of x?
6
Suppose -93*k + 1784901 - 606033 = 0. What is the units digit of k?
6
Suppose -8*m + 5*m - 22558 = -f, 3*f - 3*m = 67710. What is the units digit of f?
6
Let u be ((-8)/2 - (143 - 5)) + -7 + 5. Let w = -508 - -725. Let f = w + u. What is the units digit of f?
3
Let p(h) = -271*h**2 - 3*h + 3. Let u be p(1). Let i = 21 - u. What is the tens digit of i?
9
Suppose m + 12 = 3*f, -m + 9 = -4*m. Let s be -2 + (f - 2) + 267 + -1. Suppose 0*o - 2*l - s = -3*o, -l - 2 = 0. What is the units digit of o?
7
Suppose -30*u - 16*u = 0. Let s(y) = 2*y**2 + 8*y + 320. What is the tens digit of s(u)?
2
Suppose 5*h + 2*x = 18187, -3*h - 4870 = 3*x - 15784. Suppose -3*u = -g - 2189, 0 = 5*u + 7*g - 3*g - h. What is the hundreds digit of u?
7
Let y(q) = -4*q**3 - q**2. Let b be y(1). Let m be (20/(-12) + b)/((-2)/(-96)). What is the tens digit of (-33)/22*m/6?
8
What is the hundreds digit of (42/7 - -37078) + (-3)/((-6)/8)?
0
Suppose -2*b + 2730 + 822 = 0. Suppose -5*y + b = 4*c, c + 2*y - 444 = 5*y. What is the units digit of c?
4
What is the tens digit of (3 - 2525/(-5))/((-39)/(-1053))?
1
Let m(s) = -700*s**3 + s**2 - 8*s - 13. Let i be m(-2). What is the hundreds digit of i/42 + 1/2?
1
Suppose 5*a - 24 = 11. Let c(z) = a*z + 20 - 3*z + z**2 - 3*z. What is the units digit of c(-10)?
0
Suppose 5*l = -15, 19 + 12 = 4*f - l. Suppose 3*m + 3*r = 2532, -m + 5*r - f*r + 845 = 0. What is the tens digit of m?
4
Let u(v) = -v**2 - 7*v - 5. Let s be u(-6). Let t be 0*(s + (-5 - -3)). Suppose -5*l - 234 = -9*l - w, t = -2*l + 4*w + 126. What is the tens digit of l?
5
Suppose 0*m = -8*m + 32. Suppose 0 = -3*o - 9, -3*v - m*o = v - 40. What is the units digit of v?
3
Let m(y) = -146*y - 14. Let i(r) = -29*r - 3. Let a(p) = 11*i(p) - 2*m(p). Let s be a(4). What is the units digit of -4 - (s + -1 + 1)?
9
Suppose 11*d - 50 = 6*d - o, 2*d + 4*o - 38 = 0. What is the hundreds digit of (-4560)/(-19) + -2 + d/(-3)?
2
Let h be (-5)/80*-4*16. Suppose w + 4*v = 8, -2*w + 2*v + h = -2*v. Suppose -4*o + 266 = 2*i, -w*i + o + 532 = -o. What is the hundreds digit of i?
1
What is the ten thousands digit of 17*(-18)/(-612)*20626?
1
Suppose -14*u + 4*w + 57260 = -10*u, 0 = -4*u + 5*w + 57259. What is the hundreds digit of u?
3
Let y(k) = -2*k + 13. Let p be y(11). Suppose -3*s - 105 = -5*w, 2*s = 6*s + 20. Let t = w - p. What is the units digit of t?
7
Let w(g) = 7*g**2 - 2*g - 3. Let c be w(5). Let l = -77 + c. What is the tens digit of (3 + l/(-25))*(-130)/1?
5
Let p be -1 - ((-4326)/(-35))/((-3)/15). Let a = p - 325. What is the units digit of a?
2
What is the units digit of (-378)/4*(3 - 297/81)?
3
Let o = 468 + -416. Suppose -2*y = s - 733 + o, 0 = 5*s - 2*y - 3465. What is the units digit of s?
1
Suppose 0 = -2*x + 8, -8*x + 262 = 3*f - 10*x. What is the tens digit of f?
9
Let x be (((-162)/(-24))/(-27))/((-2)/24). Suppose -12*l + x*p = -11*l - 648, l - 5*p = 648. What is the tens digit of l?
4
Suppose -21 = 3*g, 3*o + 69*g - 55129 = 64*g. What is the hundreds digit of o?
3
Let q(i) = 32*i**3 + i**2 - i. Let u be q(1). Let j be 1 + 1370/16 - (-12)/u. Suppose j*b - 805 = 82*b. What is the tens digit of b?
6
Let t(w) = 63*w**2 - 385*w + 266. What is the thousands digit of t(28)?
8
Let p = 2245 + -2241. Let x(r) = -r**3 + 5*r**2 - 2*r - 4. Let h be x(4). Suppose -h*u = b - 2*b + 25, -p*b = 3*u - 100. What is the units digit of b?
5
Let v be 0 + ((-11254)/(-85) - 2/5). Suppose -137*p = -v*p - 565. What is the units digit of p?
3
Let p = 43 + -50. Let r(w) = w**3 + 6*w**2 - 11*w - 16. Let b be r(p). What is the units digit of 3/b*0 - -82?
2
Suppose 2*i - 2*x = 14, 0 = -5*i + 4*x + 37. Let w(j) = 2*j**3 - 12*j**2 - 12*j - 6. Let f be w(7). Suppose f*k - i*k = -168. What is the tens digit of k?
6
Let c = -2107 - -3166. Suppose -c = -7*o + 4*o. What is the units digit of o?
3
Suppose 240*s + 226*s - 452*s - 5194 = 0. What is the tens digit of s?
7
Let q(l) = -l**2 - 11*l - 28. Let t be q(-7). Suppose 2*g + 0*g - 972 = t. What is the hundreds digit of g?
4
Let a = -3847 + 8764. Let b = a - 3216. What is the tens digit of b?
0
Let s = 4 + -6. Let m(h) = h**2 + 2*h + 4. Let v be m(s). Suppose 0*f + 472 = 5*u - 3*f, -v*f = -2*u + 186. What is the units digit of u?
5
Let j(q) = 53*q**2 - 6*q + 7. Let c be j(1). Suppose c = 3*i + 93. Let h = 3 - i. What is the units digit of h?
6
Let z = 24020 - -2260. What is the units digit of z?
0
Suppose -k + 0*k = -o + 29, 0 = -3*o + 4*k + 87. Let a(y) = 16*y + 71. What is the units digit of a(o)?
5
Let k(q) = -850*q - 733. What is the tens digit of k(-5)?
1
Let i be 1/(-1)*30/(-10). Let w(p) = -2*p**3 + 3*p**2 - 3*p. Let g be w(i). Let l = 19 - g. What is the tens digit of l?
5
Let r(d) = -d**2 + 8*d - 12. Let v be r(2). Suppose 4*k - 8*k + f + 1631 = v, -15 = -3*f. What is the hundreds digit of k?
4
Let z(t) = t**2 - 12*t - 39. Let d(l) = 2*l**2 - 22*l - 102. Let k be d(-4). What is the tens digit of z(k)?
6
Let d(x) = -3*x - 15. Let g be d(-5). Suppose 2*z + 2 - 72 = g. Let p = z - -33. What is the units digit of p?
8
Suppose 5*k + 4*n = 13623 + 15475, 2*n + 11650 = 2*k. What is the units digit of k?
2
What is the hundreds digit of 1 + 9 + (31 - -5230)?
2
Suppose 4 + 6 = 2*v. Let m be (2 + (v - 2))*1. Suppose 0 = r + 3*j - 81, -m*r + 280 = 3*j - 65. What is the tens digit of r?
6
Suppose h + a - 379 = 595, 4*h - 4*a = 3880. Suppose 3366 = 18*s - h. What is the units digit of s?
1
Let t be -4*(-2)/(-8)*-6. Let m = -4 - -6. Suppose 3*d = -m*g + 411, -2*d = -g + t*g - 1033. What is the hundreds digit of g?
2
Suppose 11*y = 9*y + 3566. Suppose 0 = -2*w + 343 + y. What is the units digit of w?
3
Let n be (-2)/(5/(-2)*4/35). Let s be 2 + 4/4*3*n. Let y = 82 - s. What is the tens digit of y?
5
Suppose 642 = 4*o + 118. Let g = o - 62. Suppose -h + g + 96 = 0. What is the hundreds digit of h?
1
Suppose -22*a + 25*a = 0. What is the tens digit of 344 + (-5 - 0) + a?
3
Let g(u) = -u**3 + 61*u**2 - 56*u - 115. What is the hundreds digit of g(47)?
1
What is the thousands digit of 362926/20 + 7 + 803/(-110)?
8
Suppose 7*l - 8*l - 3*t = 22, -5*l + 4*t = 148. Let i = -24 - l. Suppose -i*j = -279 - 417. What is the tens digit of j?
7
Let x = 30882 + -10100. What is the ten thousands digit of x?
2
Suppose v + 2*x = -1339, 2*v - 2*x - 1091 + 3745 = 0. Let p = -866 - v. What is the units digit of p?
5
Let s(v) = 124*v**3 - 16*v**2 + 133*v + 116. What is the thousands digit of s(8)?
3
Let j(h) = 27*h + 856. Let n(s) = -13*s - 429. Let g(p) = -6*j(p) - 13*n(p). What is the units digit of g(0)?
1
Let f = -6720 - -13798. What is the units digit of f?
8
Let f(p) = -3